{"id":119,"date":"2017-04-03T14:23:11","date_gmt":"2017-04-03T14:23:11","guid":{"rendered":"http:\/\/www.rheintalerbachchor.com\/?page_id=119"},"modified":"2026-04-22T23:07:52","modified_gmt":"2026-04-22T23:07:52","slug":"organisation","status":"publish","type":"page","link":"https:\/\/www.rheintalerbachchor.com\/?page_id=119","title":{"rendered":"\u00dcber uns"},"content":{"rendered":"<p><strong><span style=\"font-size: 14pt;\"><span style=\"font-size: 18pt;\"><em>Der Chor<\/em><a style=\"font-weight: bold; font-size: 0.8125rem; font-style: italic;\" href=\"http:\/\/www.rheintalerbachchor.com\/wp-content\/uploads\/2026\/04\/Rheintaler-Bachchor_4318-adw-bearb-scaled.jpg\"><img loading=\"lazy\" decoding=\"async\" class=\"wp-image-4115 size-full\" src=\"http:\/\/www.rheintalerbachchor.com\/wp-content\/uploads\/2026\/04\/Rheintaler-Bachchor_4318-adw-bearb-scaled.jpg\" alt=\"\" width=\"2560\" height=\"1656\" srcset=\"https:\/\/www.rheintalerbachchor.com\/wp-content\/uploads\/2026\/04\/Rheintaler-Bachchor_4318-adw-bearb-scaled.jpg 2560w, https:\/\/www.rheintalerbachchor.com\/wp-content\/uploads\/2026\/04\/Rheintaler-Bachchor_4318-adw-bearb-300x194.jpg 300w, https:\/\/www.rheintalerbachchor.com\/wp-content\/uploads\/2026\/04\/Rheintaler-Bachchor_4318-adw-bearb-1024x662.jpg 1024w, https:\/\/www.rheintalerbachchor.com\/wp-content\/uploads\/2026\/04\/Rheintaler-Bachchor_4318-adw-bearb-768x497.jpg 768w, https:\/\/www.rheintalerbachchor.com\/wp-content\/uploads\/2026\/04\/Rheintaler-Bachchor_4318-adw-bearb-1536x993.jpg 1536w, https:\/\/www.rheintalerbachchor.com\/wp-content\/uploads\/2026\/04\/Rheintaler-Bachchor_4318-adw-bearb-2048x1324.jpg 2048w\" sizes=\"auto, (max-width: 767px) 89vw, (max-width: 1000px) 54vw, (max-width: 1071px) 543px, 580px\" \/><\/a><\/span><\/span><\/strong><\/p>\n<p><span style=\"font-size: 12pt;\">Der Rheintaler Bach-Chor pflegt den anspruchsvollen Chorgesang und erm\u00f6glicht durch angepasste Probenarbeit engagierten Laiens\u00e4ngerinnen und Laiens\u00e4ngern Zugang zu grossen Chorwerken . Der Chor steht nicht in Konkurrenz zu bestehenden Ch\u00f6ren, sondern ist als ein bereicherndes Zusatzangebot f\u00fcr deren S\u00e4ngerinnen und S\u00e4nger gedacht, welche diese Erfahrungen als Bereicherung und Inspiration mitnehmen. F\u00fcr das Projekt der Bach\u2019schen Matth\u00e4us-Passion haben sich 86 S\u00e4nge\u00adrinnen und S\u00e4nger aus der Ostschweiz, Vorarlberg, Liechtenstein und S\u00fcddeutschland zusammengefunden, die ihrerseits in den vier L\u00e4ndern in mehr als 30 Ch\u00f6ren mitsingen. Durch solche Projekte gelingt zu\u00ads\u00e4tzlich zur sch\u00f6nen Entwicklungsm\u00f6glichkeit f\u00fcr Laiensingende eine wertvolle grenz\u00fcberschreitende kulturelle Vernetzung.<\/span><\/p>\n<p><strong style=\"font-style: italic; font-size: 1rem;\"><span style=\"font-size: 14pt;\"><span style=\"font-size: 18pt;\">Musikalische Leitung<br \/>\n<\/span><\/span><\/strong><span style=\"font-size: 14pt;\"><strong>Alexander Seidel&nbsp; <\/strong>&nbsp;<\/span><strong style=\"color: #333333; font-size: 1rem;\">Dirigent , Countertenor,&nbsp; Konzertorganist<br \/>\n<\/strong><\/p>\n<p><a style=\"font-weight: bold; font-size: 0.8125rem; font-style: italic;\" href=\"http:\/\/www.rheintalerbachchor.com\/wp-content\/uploads\/2025\/08\/Alexander-2023-2-Kopie-scaled.jpg\"><img loading=\"lazy\" decoding=\"async\" class=\"wp-image-3902 size-full\" src=\"http:\/\/www.rheintalerbachchor.com\/wp-content\/uploads\/2025\/08\/Alexander-2023-2-Kopie-scaled.jpg\" alt=\"\" width=\"2560\" height=\"1932\" srcset=\"https:\/\/www.rheintalerbachchor.com\/wp-content\/uploads\/2025\/08\/Alexander-2023-2-Kopie-scaled.jpg 2560w, https:\/\/www.rheintalerbachchor.com\/wp-content\/uploads\/2025\/08\/Alexander-2023-2-Kopie-300x226.jpg 300w, https:\/\/www.rheintalerbachchor.com\/wp-content\/uploads\/2025\/08\/Alexander-2023-2-Kopie-1024x773.jpg 1024w, https:\/\/www.rheintalerbachchor.com\/wp-content\/uploads\/2025\/08\/Alexander-2023-2-Kopie-768x580.jpg 768w, https:\/\/www.rheintalerbachchor.com\/wp-content\/uploads\/2025\/08\/Alexander-2023-2-Kopie-1536x1159.jpg 1536w, https:\/\/www.rheintalerbachchor.com\/wp-content\/uploads\/2025\/08\/Alexander-2023-2-Kopie-2048x1546.jpg 2048w\" sizes=\"auto, (max-width: 767px) 89vw, (max-width: 1000px) 54vw, (max-width: 1071px) 543px, 580px\" \/><\/a><span style=\"font-size: 14px; color: #666666; font-style: italic;\">\u00a9 Gordon Welters<\/span><\/p>\n<p><span style=\"font-family: arial, helvetica, sans-serif;\">Alexander Seidel zeichnet sich durch grosse Vielseitigkeit aus.&nbsp;<br \/>\n<\/span>Als <strong>Dirigent<\/strong> f\u00fcr Barockopern und Orato\u00adrien, Wiener Klassik und chor\u00adsinfonische Werke ist Alexander Seidel in der europ\u00e4i\u00adschen Barockszene anerkannt und einer der meistbesch\u00e4ftigten Chordirigenten der Schweiz.&nbsp;<br \/>\nIm Jahre 2021 \u00fcbernahm Alexander Seidel die Leitung des Rheintaler Bach-Chores und f\u00fchrte den Chor 2022 mit einem H\u00e4n\u00addelkonzert, 2023 mit den Chor\u00e4len der Bach\u2019schen Orgelmesse und 2024 mit einer Hommage an den Liech\u00adtensteiner Komponisten Josef Gabriel Rheinberger zu vielbeachteten Auff\u00fchrungen in Altst\u00e4tten, Schaan, Feldkirch, Wien, Heiden, St. Gallen und Eschen FL. Alexander Seidel ist ebenso musikalischer Leiter des Messias Chores Z\u00fcrich und des Konzertchores S\u00e4ngerbund Uster, und er leitet beide Ch\u00f6re der ev. Kirchgemeinde H\u00f6fe am Z\u00fcrichsee, den Projektchor H\u00f6fe, das Vokalensemble H\u00f6fe und in Wiesendangen ZH den Chor SingArt.<\/p>\n<p>Im Jahre 1995 gr\u00fcndete Alexander Seidel das New Sagittarius Consort, ein Ensemble f\u00fcr Kammermusik mit historischen und modernen Instru\u00admenten. Mit diesem Ensemble erarbeitete er \u00fcber f\u00fcnfzig Konzertpro\u00adjekte und f\u00fchrte sie teils auf internationalen Festivals auf.<br \/>\nHospitanzen und Assistenzen brachten ihn mit Herbert Blomstedt so\u00adwie Sir Roger Norrington und Nikolaus Harnoncourt zusammen. Er diri\u00adgierte Konzerte mit Musikern der Berliner Staatskapelle, des RSO Ber\u00adlin, des Sinfonieorchesters Basel, der St.Galler Kammersolisten, der S\u00fcdwestdeutschen Philharmonie Konstanz, sowie den Barockorches\u00adtern Concerto Stella Matutina Feldkirch, Musica Poetica Freiburg, La Folia Dresden und La Scintilla des Opernhauses Z\u00fcrich und dem Kam\u00admerorchester &#8222;ibaroccoli&#8220; Z\u00fcrich.<\/p>\n<p>Als <strong>Countertenor<\/strong> wirkte Alexander Seidel in zahlreichen Opern- und Schauspielproduktionen mit &#8211; zuletzt am Theater Basel &#8211; und sang zahl\u00adreiche Solokonzerte mit Werken von A. Caldara, Antonio Vivaldi, Georg Friedrich H\u00e4ndel, Gustav Mahler, Franz Schubert, Antonin Dvorak.<br \/>\nDer britische Komponist Thomas Ad\u00e9s komponierte f\u00fcr ihn den Zyklus \u201eLove in Winter\u201c. Der deutsche Komponist Manfred Schlenker widmete ihm einen Zyklus biblischer Duette in Anlehnung an Dvoraks \u201cBiblische Lieder\u201d. Der Schweizer Frederic Bolli komponierte 2016 den ersten abendf\u00fcllenden deutschsprachigen Liederzyklus f\u00fcr Countertenor und Klavier \u201eTr\u00f6delmarkt der Tr\u00e4ume\u201c und 2017 Louizes Lab\u00e8s Sonette f\u00fcr Countertenor und Laute. Beide Zyklen wurden von Alexander Seidel ur\u00adaufgef\u00fchrt.<\/p>\n<p>Alexander Seidel ist <strong>Hauptorganist<\/strong> in der evangelisch-reformierten Kirchgemeinde H\u00f6fe am Z\u00fcrichsee und gab Solokonzerte u.a. in St. Pe\u00adtersburg, Berlin und Potsdam, sowie in der ganzen Schweiz. Er spielte auf vielen historischen Instrumenten in Europa. Seine Improvisations\u00adkunst wurde von der Presse als \u201eEinfach genial\u201c (M\u00e4rkische Allge\u00admeine) gelobt. 2017 erschien eine Telemann-CD beim Label deutsche harmonia mundi mit dem Concerto Melante. &nbsp;&nbsp; &nbsp;&nbsp; &nbsp;&nbsp; &nbsp;&nbsp; &nbsp;&nbsp; &nbsp;&nbsp; &nbsp;&nbsp; &nbsp;&nbsp; &nbsp;&nbsp; &nbsp;&nbsp; &nbsp;&nbsp; &nbsp;&nbsp; &nbsp;&nbsp; &nbsp;&nbsp; &nbsp;&nbsp; &nbsp;&nbsp; &nbsp;&nbsp;<a href=\"https:\/\/www.alexanderseidel.net\">https:\/\/www.alexanderseidel.net<\/a><\/p>\n<p><strong><span style=\"font-size: 14pt;\"><span style=\"font-size: 18pt;\">&nbsp;<\/span><\/span><\/strong><strong><span style=\"font-size: 14pt;\"><span style=\"font-size: 18pt;\">Vorstand&nbsp;<br \/>\n<a href=\"http:\/\/www.rheintalerbachchor.com\/wp-content\/uploads\/2026\/04\/IMG_20250823_124646-bearb-scaled.jpg\"><img loading=\"lazy\" decoding=\"async\" class=\"alignnone wp-image-4117 size-full\" src=\"http:\/\/www.rheintalerbachchor.com\/wp-content\/uploads\/2026\/04\/IMG_20250823_124646-bearb-scaled.jpg\" alt=\"\" width=\"2560\" height=\"1920\" srcset=\"https:\/\/www.rheintalerbachchor.com\/wp-content\/uploads\/2026\/04\/IMG_20250823_124646-bearb-scaled.jpg 2560w, https:\/\/www.rheintalerbachchor.com\/wp-content\/uploads\/2026\/04\/IMG_20250823_124646-bearb-300x225.jpg 300w, https:\/\/www.rheintalerbachchor.com\/wp-content\/uploads\/2026\/04\/IMG_20250823_124646-bearb-1024x768.jpg 1024w, https:\/\/www.rheintalerbachchor.com\/wp-content\/uploads\/2026\/04\/IMG_20250823_124646-bearb-768x576.jpg 768w, https:\/\/www.rheintalerbachchor.com\/wp-content\/uploads\/2026\/04\/IMG_20250823_124646-bearb-1536x1152.jpg 1536w, https:\/\/www.rheintalerbachchor.com\/wp-content\/uploads\/2026\/04\/IMG_20250823_124646-bearb-2048x1536.jpg 2048w\" sizes=\"auto, (max-width: 767px) 89vw, (max-width: 1000px) 54vw, (max-width: 1071px) 543px, 580px\" \/><\/a><\/span><\/span><\/strong> <span style=\"font-size: 10pt;\"><span style=\"font-family: arial, helvetica, sans-serif;\">hinten: <\/span><span style=\"font-family: arial, helvetica, sans-serif;\">Lars Inderwildi, Roman Thurnherr, Alexander Seidel, Detlev Koch,&nbsp;<br \/>\nvorne: Astrid Ziegler, Lilli L\u00f6bl, Esther Beyeler, Karl Berger, David Graf<\/span><\/span><\/p>\n<p><span style=\"font-size: 14pt;\"><strong>Kontaktangaben Vereinsvorstand&nbsp;<\/strong><\/span><\/p>\n<table style=\"height: 422px; width: 712px;\">\n<tbody>\n<tr style=\"height: 79px;\">\n<td style=\"width: 518.588px; height: 79px;\"><span style=\"font-family: arial, helvetica, sans-serif; font-size: 10pt;\"><strong>Alexander Seidel<\/strong>, Dirigent, Organist, Countertenor, Pf\u00e4ffikon SZ<\/span><br \/>\n<span style=\"font-family: arial, helvetica, sans-serif; font-size: 10pt;\"><a href=\"mailto:alexanderseidel@gmx.net\" target=\"_blank\" rel=\"noopener noreferrer\">alexanderseidel@gmx.net<\/a> &nbsp; &nbsp;mobil: 0041 76 455 45 74<\/span><br \/>\n<span style=\"font-family: arial, helvetica, sans-serif; font-size: 10pt;\"><a href=\"http:\/\/www.alexanderseidel.net\">www.alexanderseidel.net<\/a><\/span><\/td>\n<td style=\"width: 178.212px; height: 79px;\"><span style=\"font-family: arial, helvetica, sans-serif; font-size: 10pt;\">Chorleiter<\/span><\/td>\n<\/tr>\n<tr style=\"height: 52px;\">\n<td style=\"width: 518.588px; height: 52px;\"><span style=\"font-family: arial, helvetica, sans-serif; font-size: 10pt;\"><strong>Esther Beyeler Mattle, <\/strong>Juristin, Rebstein SG<\/span><br \/>\n<span style=\"font-family: arial, helvetica, sans-serif; font-size: 10pt;\"><a href=\"mailto:beyeler.esther@bluewin.ch\" target=\"_blank\" rel=\"noopener noreferrer\">beyeler.esther@bluewin.ch<\/a> &nbsp; &nbsp; &nbsp; mobil: 0041 79 705 62 71<\/span><\/td>\n<td style=\"width: 178.212px; height: 52px;\"><span style=\"font-family: arial, helvetica, sans-serif; font-size: 10pt;\">Pr\u00e4sidentin&nbsp;<\/span><\/td>\n<\/tr>\n<tr style=\"height: 52px;\">\n<td style=\"width: 518.588px; height: 52px;\"><span style=\"font-family: arial, helvetica, sans-serif; font-size: 10pt;\"><strong>Astrid Ziegler-Wagler, <\/strong>Klinische Heilp\u00e4dagogin, Rebstein SG<\/span><br \/>\n<span style=\"font-family: arial, helvetica, sans-serif; font-size: 10pt;\"><a href=\"mailto:astrid.ziegler@bluewin.ch\" target=\"_blank\" rel=\"noopener noreferrer\">astrid.ziegler@bluewin.ch<\/a><\/span><\/td>\n<td style=\"width: 178.212px; height: 52px;\"><span style=\"font-family: arial, helvetica, sans-serif; font-size: 10pt;\">Vizepr\u00e4sidentin<\/span><\/td>\n<\/tr>\n<tr style=\"height: 52px;\">\n<td style=\"width: 518.588px; height: 51px;\"><span style=\"font-family: arial, helvetica, sans-serif; font-size: 10pt;\"><strong>Roman Thurnherr<\/strong>, Werbefachmann, Altst\u00e4tten SG<\/span><br \/>\n<span style=\"font-family: arial, helvetica, sans-serif; font-size: 10pt;\"><a href=\"mailto:roman.thurnherr@bluewin.ch\" target=\"_blank\" rel=\"noopener noreferrer\">roman.thurnherr@bluewin.ch<\/a><\/span><\/td>\n<td style=\"width: 178.212px; height: 51px;\"><span style=\"font-family: arial, helvetica, sans-serif; font-size: 10pt;\">Kassier<strong><br \/>\n<\/strong><\/span><\/td>\n<\/tr>\n<tr style=\"height: 52px;\">\n<td style=\"width: 518.588px; height: 37px;\"><span style=\"font-family: arial, helvetica, sans-serif; font-size: 10pt;\"><strong>Karl Berger, <\/strong>Ausbilder\/Kursleiter,&nbsp; L\u00fcchingen SG<\/span><br \/>\n<span style=\"font-family: arial, helvetica, sans-serif; font-size: 10pt;\"><a href=\"mailto:bergeroehler@bluewin.ch\">bergeroehler@bluewin.ch<\/a><\/span><\/td>\n<td style=\"width: 178.212px; height: 37px;\"><span style=\"font-family: arial, helvetica, sans-serif; font-size: 10pt;\">Aktuar<\/span><\/td>\n<\/tr>\n<tr>\n<td style=\"width: 518.588px; height: 37px;\"><span style=\"font-family: arial, helvetica, sans-serif; font-size: 10pt;\"><strong>Lars Inderwildi, <\/strong>Mitglied der Gesch\u00e4ftsleitung LGT Capital Partners (FL), Goldach SG<\/span><br \/>\n<a href=\"mailto:lars.inderwildi@bluewin.ch\" target=\"_blank\" rel=\"noopener\"><span style=\"font-family: arial, helvetica, sans-serif; font-size: 10pt;\">lars.inderwildi@bluewin.ch<\/span><\/a><\/td>\n<td style=\"width: 178.212px;\"><span style=\"font-family: arial, helvetica, sans-serif; font-size: 10pt;\">Organisation, Logistik<\/span><\/td>\n<\/tr>\n<tr style=\"height: 52px;\">\n<td style=\"width: 518.588px; height: 52px;\"><span style=\"font-family: arial, helvetica, sans-serif; font-size: 10pt;\"><strong>David Graf<\/strong>, Gymnasiallehrer, Lindau (D)<\/span><br \/>\n<span style=\"font-family: arial, helvetica, sans-serif; font-size: 10pt;\"><a href=\"mailto:davidgraf@web.de\" target=\"_blank\" rel=\"noopener noreferrer\">davidgraf@web.de<\/a><\/span><\/td>\n<td style=\"width: 178.212px; height: 52px;\"><span style=\"font-family: arial, helvetica, sans-serif; font-size: 10pt;\">Verbindung Deutschland<strong><br \/>\n<\/strong><\/span><\/td>\n<\/tr>\n<tr style=\"height: 47px;\">\n<td style=\"width: 518.588px; height: 47px;\"><span style=\"font-family: arial, helvetica, sans-serif; font-size: 10pt;\"><b>Lilli L\u00f6bl-Sch\u00f6nborn, <\/b>Gesch\u00e4ftsf\u00fchrerin Chorverband Vorarlberg, Hohenems (A)&nbsp;&nbsp;<\/span><br \/>\n<span style=\"font-family: arial, helvetica, sans-serif; font-size: 10pt;\">lilli.loebl@yahoo.de<\/span><\/td>\n<td style=\"width: 178.212px; height: 47px;\"><span style=\"font-family: arial, helvetica, sans-serif; font-size: 10pt;\">Verbindung Vorarlberg<\/span><\/td>\n<\/tr>\n<tr style=\"height: 52px;\">\n<td style=\"width: 518.588px; height: 52px;\"><span style=\"font-family: arial, helvetica, sans-serif; font-size: 10pt;\"><b>Detlev Koch,&nbsp; <\/b>Ingenieur, Triesen (FL)<\/span><br \/>\n<span style=\"font-family: arial, helvetica, sans-serif; font-size: 10pt;\"><a href=\"mailto:detlev.koch@powersurf.li\" target=\"_blank\" rel=\"noopener noreferrer\">detlev.koch@powersurf.li<\/a><\/span><\/td>\n<td style=\"width: 178.212px; height: 52px;\"><span style=\"font-family: arial, helvetica, sans-serif; font-size: 10pt;\">Verbindung F\u00fcrstentum Liechtenstein<\/span><\/td>\n<\/tr>\n<\/tbody>\n<\/table>\n<p><span style=\"font-size: 10pt; font-family: arial, helvetica, sans-serif;\"><strong> Bankverbindungen<\/strong><\/span><br \/>\n<span style=\"font-size: 10pt; font-family: arial, helvetica, sans-serif;\"><strong>Schweiz (CHF):<\/strong><\/span><br \/>\n<span style=\"font-size: 10pt; font-family: arial, helvetica, sans-serif;\">Bank Biene im Rheintal Genossenschaft, 9450 Altst\u00e4tten<\/span><br \/>\n<span style=\"font-size: 10pt; font-family: arial, helvetica, sans-serif;\">IBAN CH60 0698 0605 1385 1750 8, lautend auf<\/span><br \/>\n<span style=\"font-size: 10pt; font-family: arial, helvetica, sans-serif;\">Rheintaler Bach-Chor, 9450 Altst\u00e4tten<\/span><\/p>\n<p><span style=\"font-size: 10pt; font-family: arial, helvetica, sans-serif;\"><strong>Deutschland \/ \u00d6sterreich \/ EU&nbsp; (Euro)<\/strong><\/span><br \/>\n<span style=\"font-size: 10pt; font-family: arial, helvetica, sans-serif;\">Bank: Clientis Biene Bank im Rheintal Genossenschaft<\/span><br \/>\n<span style=\"font-size: 10pt; font-family: arial, helvetica, sans-serif;\">IBAN: CH50 0698 0605 1385 1749 4<\/span><br \/>\n<span style=\"font-size: 10pt; font-family: arial, helvetica, sans-serif;\">BIC\/SWIFT: RBABCH22980 \/ Clearing-Nr. 6980<\/span><br \/>\n<span style=\"font-size: 10pt; font-family: arial, helvetica, sans-serif;\">lautend auf: Rheintaler Bach-Chor, 9450 Altst\u00e4tten<\/span><\/p>\n<p><strong>Sitz des Vereins und Gerichtsstand ist CH- 9450 Altst\u00e4tten<\/strong><\/p>\n<p><strong><a href=\"http:\/\/www.rheintalerbachchor.com\/wp-content\/uploads\/2017\/04\/Statuten-2016.pdf\">Statuten 2016<\/a><\/strong><\/p>\n","protected":false},"excerpt":{"rendered":"<p>Der Chor Der Rheintaler Bach-Chor pflegt den anspruchsvollen Chorgesang und erm\u00f6glicht durch angepasste Probenarbeit engagierten Laiens\u00e4ngerinnen und Laiens\u00e4ngern Zugang zu grossen Chorwerken . Der Chor steht nicht in Konkurrenz zu bestehenden Ch\u00f6ren, sondern ist als ein bereicherndes Zusatzangebot f\u00fcr deren S\u00e4ngerinnen und S\u00e4nger gedacht, welche diese Erfahrungen als Bereicherung und Inspiration mitnehmen. F\u00fcr das Projekt &hellip; <\/p>\n<p class=\"link-more\"><a href=\"https:\/\/www.rheintalerbachchor.com\/?page_id=119\" class=\"more-link\"><span class=\"screen-reader-text\">\u201e\u00dcber uns\u201c<\/span> weiterlesen<\/a><\/p>\n","protected":false},"author":1,"featured_media":0,"parent":0,"menu_order":0,"comment_status":"closed","ping_status":"closed","template":"","meta":{"ngg_post_thumbnail":0,"footnotes":""},"class_list":["post-119","page","type-page","status-publish","hentry"],"_links":{"self":[{"href":"https:\/\/www.rheintalerbachchor.com\/index.php?rest_route=\/wp\/v2\/pages\/119","targetHints":{"allow":["GET"]}}],"collection":[{"href":"https:\/\/www.rheintalerbachchor.com\/index.php?rest_route=\/wp\/v2\/pages"}],"about":[{"href":"https:\/\/www.rheintalerbachchor.com\/index.php?rest_route=\/wp\/v2\/types\/page"}],"author":[{"embeddable":true,"href":"https:\/\/www.rheintalerbachchor.com\/index.php?rest_route=\/wp\/v2\/users\/1"}],"replies":[{"embeddable":true,"href":"https:\/\/www.rheintalerbachchor.com\/index.php?rest_route=%2Fwp%2Fv2%2Fcomments&post=119"}],"version-history":[{"count":86,"href":"https:\/\/www.rheintalerbachchor.com\/index.php?rest_route=\/wp\/v2\/pages\/119\/revisions"}],"predecessor-version":[{"id":4119,"href":"https:\/\/www.rheintalerbachchor.com\/index.php?rest_route=\/wp\/v2\/pages\/119\/revisions\/4119"}],"wp:attachment":[{"href":"https:\/\/www.rheintalerbachchor.com\/index.php?rest_route=%2Fwp%2Fv2%2Fmedia&parent=119"}],"curies":[{"name":"wp","href":"https:\/\/api.w.org\/{rel}","templated":true}]}}